s of 5114151?
3, 7, 27059
List the prime factors of 9688378.
2, 7, 29, 487
What are the prime factors of 981723?
3, 229, 1429
List the prime factors of 11120866.
2, 5560433
List the prime factors of 22077002.
2, 137, 197, 409
What are the prime factors of 3203177?
3203177
What are the prime factors of 6049360?
2, 5, 75617
What are the prime factors of 3478707?
3, 67, 641
What are the prime factors of 175250?
2, 5, 701
What are the prime factors of 4092811?
4092811
List the prime factors of 180339.
3, 47, 1279
What are the prime factors of 101844?
2, 3, 23, 41
What are the prime factors of 5292852?
2, 3, 23, 127, 151
What are the prime factors of 1079791?
101, 10691
What are the prime factors of 1245050?
2, 5, 37, 673
List the prime factors of 568969.
167, 3407
List the prime factors of 845614.
2, 7, 11, 17, 19
What are the prime factors of 534264?
2, 3, 113, 197
What are the prime factors of 130206?
2, 3, 21701
What are the prime factors of 2826410?
2, 5, 179, 1579
List the prime factors of 350222.
2, 41, 4271
What are the prime factors of 21967036?
2, 7, 13, 29, 2081
What are the prime factors of 14620152?
2, 3, 609173
What are the prime factors of 1310944?
2, 71, 577
List the prime factors of 186906.
2, 3, 31151
What are the prime factors of 3242521?
19, 157, 1087
List the prime factors of 5576931.
3, 31, 2221
List the prime factors of 4192755.
3, 5, 7, 73, 547
What are the prime factors of 1621902?
2, 3, 17, 15901
What are the prime factors of 160279?
7, 3271
What are the prime factors of 492301?
317, 1553
List the prime factors of 392890.
2, 5, 101, 389
What are the prime factors of 1389411?
3, 317, 487
List the prime factors of 9757206.
2, 3, 101, 1789
List the prime factors of 325227.
3, 7, 17, 911
List the prime factors of 2601647.
73, 157, 227
List the prime factors of 4617187.
4617187
What are the prime factors of 33972120?
2, 3, 5, 7, 13, 17, 61
List the prime factors of 648532.
2, 73, 2221
What are the prime factors of 26840195?
5, 17, 23, 13729
What are the prime factors of 1291278?
2, 3, 19, 47, 241
List the prime factors of 9516434.
2, 23, 206879
List the prime factors of 27627.
3, 9209
What are the prime factors of 1014770?
2, 5, 101477
What are the prime factors of 2553159?
3, 7, 121579
What are the prime factors of 273112?
2, 7, 4877
What are the prime factors of 1516059?
3, 168451
List the prime factors of 1921879.
1921879
List the prime factors of 27969398.
2, 29, 482231
What are the prime factors of 169984?
2, 83
What are the prime factors of 88191?
3, 41, 239
What are the prime factors of 156184?
2, 7, 2789
What are the prime factors of 77320?
2, 5, 1933
What are the prime factors of 713091?
3, 251, 947
What are the prime factors of 57362?
2, 23, 29, 43
What are the prime factors of 1604039?
223, 7193
List the prime factors of 1202311.
11, 29, 3769
List the prime factors of 1903383.
3, 61, 3467
List the prime factors of 3568509.
3, 7, 79, 239
What are the prime factors of 26097381?
3, 31, 89, 1051
List the prime factors of 4373582.
2, 2186791
List the prime factors of 3378672.
2, 3, 11, 79
List the prime factors of 1828742.
2, 914371
What are the prime factors of 32984?
2, 7, 19, 31
What are the prime factors of 1715394?
2, 3, 37, 7727
List the prime factors of 619729.
11, 53, 1063
What are the prime factors of 1326842?
2, 11, 41, 1471
List the prime factors of 2554840.
2, 5, 23, 2777
List the prime factors of 633405.
3, 5, 42227
What are the prime factors of 41365?
5, 8273
What are the prime factors of 422814?
2, 3, 7, 10067
What are the prime factors of 478602?
2, 3, 8863
List the prime factors of 3235975.
5, 129439
What are the prime factors of 20807964?
2, 3, 19, 29, 1049
List the prime factors of 172020.
2, 3, 5, 47, 61
What are the prime factors of 11004107?
2293, 4799
List the prime factors of 30514684.
2, 19, 151, 2659
What are the prime factors of 16877770?
2, 5, 7, 13, 17, 1091
What are the prime factors of 25736211?
3, 317731
What are the prime factors of 3095543?
11, 25583
List the prime factors of 1038460.
2, 5, 137, 379
List the prime factors of 6815378.
2, 659, 5171
List the prime factors of 13566712.
2, 1695839
What are the prime factors of 154298?
2, 179, 431
What are the prime factors of 113326?
2, 56663
List the prime factors of 17813584.
2, 1113349
List the prime factors of 318497.
19, 16763
List the prime factors of 15024018.
2, 3, 239, 10477
What are the prime factors of 7125103?
41, 173783
What are the prime factors of 1210087?
67, 18061
List the prime factors of 424993.
113, 3761
List the prime factors of 1997591.
1997591
List the prime factors of 4657358.
2, 97, 24007
What are the prime factors of 1022667?
3, 340889
What are the prime factors of 1372952?
2, 7, 24517
List the prime factors of 1045249.
79, 101, 131
List the prime factors of 94300.
2, 5, 23, 41
List the prime factors of 788024.
2, 137, 719
What are the prime factors of 10075737?
3, 7, 479797
List the prime factors of 1946619.
3, 17, 4241
List the prime factors of 305386.
2, 43, 53, 67
List the prime factors of 6205655.
5, 139, 8929
What are the prime factors of 40160457?
3, 353, 12641
What are the prime factors of 159148?
2, 11, 3617
What are the prime factors of 2334987?
3, 3203
What are the prime factors of 271227?
3, 11, 8219
What are the prime factors of 906167?
19, 37, 1289
What are the prime factors of 1998617?
1998617
What are the prime factors of 5289846?
2, 3, 881641
List the prime factors of 14527940.
2, 5, 7, 41, 2531
What are the prime factors of 575768?
2, 71971
What are the prime factors of 2252221?
2252221
What are the prime factors of 237757?
13, 18289
List the prime factors of 2614184.
2, 326773
List the prime factors of 72226.
2, 7, 11, 67
What are the prime factors of 448192?
2, 47, 149
What are the prime factors of 487096?
2, 60887
List the prime factors of 14766081.
3, 11, 17, 26321
List the prime factors of 294903.
3, 7, 31, 151
List the prime factors of 2534145.
3, 5, 168943
List the prime factors of 102575.
5, 11, 373
List the prime factors of 33453534.
2, 3, 5575589
What are the prime factors of 7519427?
1181, 6367
List the prime factors of 37396.
2, 9349
What are the prime factors of 79880?
2, 5, 1997
List the prime factors of 1609283.
13, 123791
List the prime factors of 4685939.
37, 89, 1423
List the prime factors of 27098434.
2, 11, 111977
What are the prime factors of 12598093?
29, 37, 59, 199
What are the prime factors of 492507?
3, 17, 29, 37
What are the prime factors of 12264?
2, 3, 7, 73
What are the prime factors of 357634?
2, 178817
List the prime factors of 164767.
164767
List the prime factors of 951657.
3, 7, 45317
What are the prime factors of 416021?
643, 647
What are the prime factors of 1644889?
157, 10477
List the prime factors of 12338.
2, 31, 199
What are the prime factors of 106986?
2, 3, 11, 1621
List the prime factors of 589205.
5, 117841
What are the prime factors of 1118734?
2, 559367
List the prime factors of 627727.
73, 8599
What are the prime factors of 18552242?
2, 9276121
List the prime factors of 392675.
5, 113, 139
List the prime factors of 1825075.
5, 7, 10429
List the prime factors of 1121212.
2, 280303
List the prime factors of 26437567.
13, 17, 119627
What are the prime factors of 420555?
3, 5, 23, 53
List the prime factors of 38166399.
3, 4240711
List the prime factors of 864335.
5, 172867
What are the prime factors of 133008?
2, 3, 17, 163
What are the prime factors of 23775718?
2, 3329, 3571
What are the prime factors of 28699042?
2, 14349521
What are the prime factors of 436271?
11, 17, 2333
What are the prime factors of 400651?
400651
List the prime factors of 20820.
2, 3, 5, 347
What are the prime factors of 403321?
151, 2671
What are the prime factors of 5692842?
2, 3, 35141
What are the prime factors of 216179?
216179
What are the prime factors of 357002?
2, 178501
List the prime factors of 1029731.
1029731
What are the prime factors of 2640210?
2, 3, 5, 88007
List the prime factors of 21494.
2, 11, 977
What are the prime factors of 390650?
2, 5, 13, 601
List the prime factors of 2267311.
59, 83, 463
List the prime factors of 2637489.
3, 41, 523
What are the prime factors of 560502?
2, 3, 31139
What are the prime factors of 1394076?
2, 3, 23, 5051
List the pri